{"id":7013,"date":"2021-11-25T22:05:03","date_gmt":"2021-11-25T21:05:03","guid":{"rendered":"https:\/\/regalaunninot.com\/?post_type=projects&#038;p=7013"},"modified":"2022-08-17T12:19:53","modified_gmt":"2022-08-17T10:19:53","slug":"campanya-violencia-genere","status":"publish","type":"projects","link":"https:\/\/regalaunninot.com\/es\/proyectos\/campanya-violencia-genere\/","title":{"rendered":"Campa\u00f1a contra la violencia de g\u00e9nero"},"content":{"rendered":"\n<p>Campa\u00f1a llamada \u00abLl\u00e1manos\u00bb con la intenci\u00f3n de concienciar a los ciudadanos del problema de la violencia de g\u00e9nero. <\/p>\n\n\n\n<p>En la figura se representa un tel\u00e9fono m\u00f3vil que est\u00e1 llamando al n\u00famero 016 mientras acaba de impactar contra el piso y se ha quedado partido. Una figura que pretende transmitir un mensaje claro ante esta problem\u00e1tica que debe resolverse en la sociedad actual.<\/p>\n\n\n\n<p><\/p>\n\n\n\n<figure class=\"wp-block-gallery has-nested-images columns-default is-cropped wp-block-gallery-1 is-layout-flex wp-block-gallery-is-layout-flex\">\n<figure class=\"wp-block-image size-large\"><img loading=\"lazy\" decoding=\"async\" width=\"580\" height=\"870\" data-id=\"7113\" src=\"https:\/\/regalaunninot.com\/wp-content\/uploads\/2022\/01\/IVAJ-rotated.jpg\" alt=\"\" class=\"wp-image-7113\"\/><figcaption><br><\/figcaption><\/figure>\n\n\n\n<figure class=\"wp-block-image size-large\"><img loading=\"lazy\" decoding=\"async\" width=\"870\" height=\"580\" data-id=\"7111\" src=\"https:\/\/regalaunninot.com\/wp-content\/uploads\/2022\/01\/IVAJ_4.jpg\" alt=\"\" class=\"wp-image-7111\"\/><\/figure>\n\n\n\n<figure class=\"wp-block-image size-large\"><img loading=\"lazy\" decoding=\"async\" width=\"870\" height=\"580\" data-id=\"7115\" src=\"https:\/\/regalaunninot.com\/wp-content\/uploads\/2022\/01\/IVAJ_1.jpg\" alt=\"\" class=\"wp-image-7115\"\/><\/figure>\n\n\n\n<figure class=\"wp-block-image size-large\"><img loading=\"lazy\" decoding=\"async\" width=\"870\" height=\"580\" data-id=\"7117\" src=\"https:\/\/regalaunninot.com\/wp-content\/uploads\/2022\/01\/IVAJ_2.jpg\" alt=\"\" class=\"wp-image-7117\"\/><\/figure>\n\n\n\n<figure class=\"wp-block-image size-large\"><img loading=\"lazy\" decoding=\"async\" width=\"870\" height=\"580\" data-id=\"7119\" src=\"https:\/\/regalaunninot.com\/wp-content\/uploads\/2022\/01\/IVAJ_3.jpg\" alt=\"\" class=\"wp-image-7119\"\/><\/figure>\n<\/figure>\n","protected":false},"excerpt":{"rendered":"<p>Campa\u00f1a llamada \u00abLl\u00e1manos\u00bb con la intenci\u00f3n de concienciar a los ciudadanos del problema de la violencia de g\u00e9nero. En la figura se representa un tel\u00e9fono m\u00f3vil que est\u00e1 llamando al n\u00famero 016 mientras acaba de impactar contra el piso y se ha quedado partido. Una figura que pretende transmitir un mensaje claro ante esta problem\u00e1tica [&hellip;]<\/p>\n","protected":false},"featured_media":7014,"parent":0,"template":"","service":[1464],"class_list":["post-7013","projects","type-projects","status-publish","has-post-thumbnail","hentry","service-decoracion-espacios-publicos"],"acf":[],"yoast_head":"<!-- This site is optimized with the Yoast SEO Premium plugin v19.3 (Yoast SEO v26.5) - https:\/\/yoast.com\/wordpress\/plugins\/seo\/ -->\n<title>Campa\u00f1a contra la violencia de g\u00e9nero | \ud83c\udf81 Regala Un Ninot \u200d\ud83c\udfa8<\/title>\n<meta name=\"description\" content=\"Campanya pr\u00f2pia contra la viol\u00e8ncia de g\u00e8nere en el que es vol cridar l&#039;atenci\u00f3 del vianant per tal de conscienciar amb un missatge potent transmitit en la figura.\" \/>\n<meta name=\"robots\" content=\"index, follow, max-snippet:-1, max-image-preview:large, max-video-preview:-1\" \/>\n<link rel=\"canonical\" href=\"https:\/\/regalaunninot.com\/es\/proyectos\/campanya-violencia-genere\/\" \/>\n<meta property=\"og:locale\" content=\"es_ES\" \/>\n<meta property=\"og:type\" content=\"article\" \/>\n<meta property=\"og:title\" content=\"Campa\u00f1a contra la violencia de g\u00e9nero\" \/>\n<meta property=\"og:description\" content=\"Campanya pr\u00f2pia contra la viol\u00e8ncia de g\u00e8nere en el que es vol cridar l&#039;atenci\u00f3 del vianant per tal de conscienciar amb un missatge potent transmitit en la figura.\" \/>\n<meta property=\"og:url\" content=\"https:\/\/regalaunninot.com\/es\/proyectos\/campanya-violencia-genere\/\" \/>\n<meta property=\"og:site_name\" content=\"\ud83c\udf81 Regala Un Ninot \u200d\ud83c\udfa8\" \/>\n<meta property=\"article:modified_time\" content=\"2022-08-17T10:19:53+00:00\" \/>\n<meta property=\"og:image\" content=\"https:\/\/regalaunninot.com\/wp-content\/uploads\/2022\/01\/IMG_20211117_112050.jpg\" \/>\n\t<meta property=\"og:image:width\" content=\"1200\" \/>\n\t<meta property=\"og:image:height\" content=\"1600\" \/>\n\t<meta property=\"og:image:type\" content=\"image\/jpeg\" \/>\n<meta name=\"twitter:card\" content=\"summary_large_image\" \/>\n<meta name=\"twitter:label1\" content=\"Tiempo de lectura\" \/>\n\t<meta name=\"twitter:data1\" content=\"2 minutos\" \/>\n<script type=\"application\/ld+json\" class=\"yoast-schema-graph\">{\"@context\":\"https:\/\/schema.org\",\"@graph\":[{\"@type\":\"WebPage\",\"@id\":\"https:\/\/regalaunninot.com\/es\/proyectos\/campanya-violencia-genere\/\",\"url\":\"https:\/\/regalaunninot.com\/es\/proyectos\/campanya-violencia-genere\/\",\"name\":\"Campa\u00f1a contra la violencia de g\u00e9nero | \ud83c\udf81 Regala Un Ninot \u200d\ud83c\udfa8\",\"isPartOf\":{\"@id\":\"https:\/\/regalaunninot.com\/es\/#website\"},\"primaryImageOfPage\":{\"@id\":\"https:\/\/regalaunninot.com\/es\/proyectos\/campanya-violencia-genere\/#primaryimage\"},\"image\":{\"@id\":\"https:\/\/regalaunninot.com\/es\/proyectos\/campanya-violencia-genere\/#primaryimage\"},\"thumbnailUrl\":\"https:\/\/regalaunninot.com\/wp-content\/uploads\/2022\/01\/IMG_20211117_112050.jpg\",\"datePublished\":\"2021-11-25T21:05:03+00:00\",\"dateModified\":\"2022-08-17T10:19:53+00:00\",\"description\":\"Campanya pr\u00f2pia contra la viol\u00e8ncia de g\u00e8nere en el que es vol cridar l'atenci\u00f3 del vianant per tal de conscienciar amb un missatge potent transmitit en la figura.\",\"breadcrumb\":{\"@id\":\"https:\/\/regalaunninot.com\/es\/proyectos\/campanya-violencia-genere\/#breadcrumb\"},\"inLanguage\":\"es\",\"potentialAction\":[{\"@type\":\"ReadAction\",\"target\":[\"https:\/\/regalaunninot.com\/es\/proyectos\/campanya-violencia-genere\/\"]}]},{\"@type\":\"ImageObject\",\"inLanguage\":\"es\",\"@id\":\"https:\/\/regalaunninot.com\/es\/proyectos\/campanya-violencia-genere\/#primaryimage\",\"url\":\"https:\/\/regalaunninot.com\/wp-content\/uploads\/2022\/01\/IMG_20211117_112050.jpg\",\"contentUrl\":\"https:\/\/regalaunninot.com\/wp-content\/uploads\/2022\/01\/IMG_20211117_112050.jpg\",\"width\":1200,\"height\":1600},{\"@type\":\"BreadcrumbList\",\"@id\":\"https:\/\/regalaunninot.com\/es\/proyectos\/campanya-violencia-genere\/#breadcrumb\",\"itemListElement\":[{\"@type\":\"ListItem\",\"position\":1,\"name\":\"Inici\",\"item\":\"https:\/\/regalaunninot.com\/es\/\"},{\"@type\":\"ListItem\",\"position\":2,\"name\":\"Proyectos\",\"item\":\"https:\/\/regalaunninot.com\/es\/proyectos\/\"},{\"@type\":\"ListItem\",\"position\":3,\"name\":\"Campa\u00f1a contra la violencia de g\u00e9nero\"}]},{\"@type\":\"WebSite\",\"@id\":\"https:\/\/regalaunninot.com\/es\/#website\",\"url\":\"https:\/\/regalaunninot.com\/es\/\",\"name\":\"\ud83c\udf81 Regala Un Ninot \u200d\ud83c\udfa8\",\"description\":\"Regala la creatividad de nuestros artistas falleros y foguereros\",\"publisher\":{\"@id\":\"https:\/\/regalaunninot.com\/es\/#organization\"},\"potentialAction\":[{\"@type\":\"SearchAction\",\"target\":{\"@type\":\"EntryPoint\",\"urlTemplate\":\"https:\/\/regalaunninot.com\/es\/?s={search_term_string}\"},\"query-input\":{\"@type\":\"PropertyValueSpecification\",\"valueRequired\":true,\"valueName\":\"search_term_string\"}}],\"inLanguage\":\"es\"},{\"@type\":\"Organization\",\"@id\":\"https:\/\/regalaunninot.com\/es\/#organization\",\"name\":\"Regala Un Ninot\",\"url\":\"https:\/\/regalaunninot.com\/es\/\",\"logo\":{\"@type\":\"ImageObject\",\"inLanguage\":\"es\",\"@id\":\"https:\/\/regalaunninot.com\/es\/#\/schema\/logo\/image\/\",\"url\":\"https:\/\/regalaunninot.com\/wp-content\/uploads\/2020\/12\/logo-regala-un-ninot-h.png\",\"contentUrl\":\"https:\/\/regalaunninot.com\/wp-content\/uploads\/2020\/12\/logo-regala-un-ninot-h.png\",\"width\":1787,\"height\":705,\"caption\":\"Regala Un Ninot\"},\"image\":{\"@id\":\"https:\/\/regalaunninot.com\/es\/#\/schema\/logo\/image\/\"}}]}<\/script>\n<!-- \/ Yoast SEO Premium plugin. -->","yoast_head_json":{"title":"Campa\u00f1a contra la violencia de g\u00e9nero | \ud83c\udf81 Regala Un Ninot \u200d\ud83c\udfa8","description":"Campanya pr\u00f2pia contra la viol\u00e8ncia de g\u00e8nere en el que es vol cridar l'atenci\u00f3 del vianant per tal de conscienciar amb un missatge potent transmitit en la figura.","robots":{"index":"index","follow":"follow","max-snippet":"max-snippet:-1","max-image-preview":"max-image-preview:large","max-video-preview":"max-video-preview:-1"},"canonical":"https:\/\/regalaunninot.com\/es\/proyectos\/campanya-violencia-genere\/","og_locale":"es_ES","og_type":"article","og_title":"Campa\u00f1a contra la violencia de g\u00e9nero","og_description":"Campanya pr\u00f2pia contra la viol\u00e8ncia de g\u00e8nere en el que es vol cridar l'atenci\u00f3 del vianant per tal de conscienciar amb un missatge potent transmitit en la figura.","og_url":"https:\/\/regalaunninot.com\/es\/proyectos\/campanya-violencia-genere\/","og_site_name":"\ud83c\udf81 Regala Un Ninot \u200d\ud83c\udfa8","article_modified_time":"2022-08-17T10:19:53+00:00","og_image":[{"width":1200,"height":1600,"url":"https:\/\/regalaunninot.com\/wp-content\/uploads\/2022\/01\/IMG_20211117_112050.jpg","type":"image\/jpeg"}],"twitter_card":"summary_large_image","twitter_misc":{"Tiempo de lectura":"2 minutos"},"schema":{"@context":"https:\/\/schema.org","@graph":[{"@type":"WebPage","@id":"https:\/\/regalaunninot.com\/es\/proyectos\/campanya-violencia-genere\/","url":"https:\/\/regalaunninot.com\/es\/proyectos\/campanya-violencia-genere\/","name":"Campa\u00f1a contra la violencia de g\u00e9nero | \ud83c\udf81 Regala Un Ninot \u200d\ud83c\udfa8","isPartOf":{"@id":"https:\/\/regalaunninot.com\/es\/#website"},"primaryImageOfPage":{"@id":"https:\/\/regalaunninot.com\/es\/proyectos\/campanya-violencia-genere\/#primaryimage"},"image":{"@id":"https:\/\/regalaunninot.com\/es\/proyectos\/campanya-violencia-genere\/#primaryimage"},"thumbnailUrl":"https:\/\/regalaunninot.com\/wp-content\/uploads\/2022\/01\/IMG_20211117_112050.jpg","datePublished":"2021-11-25T21:05:03+00:00","dateModified":"2022-08-17T10:19:53+00:00","description":"Campanya pr\u00f2pia contra la viol\u00e8ncia de g\u00e8nere en el que es vol cridar l'atenci\u00f3 del vianant per tal de conscienciar amb un missatge potent transmitit en la figura.","breadcrumb":{"@id":"https:\/\/regalaunninot.com\/es\/proyectos\/campanya-violencia-genere\/#breadcrumb"},"inLanguage":"es","potentialAction":[{"@type":"ReadAction","target":["https:\/\/regalaunninot.com\/es\/proyectos\/campanya-violencia-genere\/"]}]},{"@type":"ImageObject","inLanguage":"es","@id":"https:\/\/regalaunninot.com\/es\/proyectos\/campanya-violencia-genere\/#primaryimage","url":"https:\/\/regalaunninot.com\/wp-content\/uploads\/2022\/01\/IMG_20211117_112050.jpg","contentUrl":"https:\/\/regalaunninot.com\/wp-content\/uploads\/2022\/01\/IMG_20211117_112050.jpg","width":1200,"height":1600},{"@type":"BreadcrumbList","@id":"https:\/\/regalaunninot.com\/es\/proyectos\/campanya-violencia-genere\/#breadcrumb","itemListElement":[{"@type":"ListItem","position":1,"name":"Inici","item":"https:\/\/regalaunninot.com\/es\/"},{"@type":"ListItem","position":2,"name":"Proyectos","item":"https:\/\/regalaunninot.com\/es\/proyectos\/"},{"@type":"ListItem","position":3,"name":"Campa\u00f1a contra la violencia de g\u00e9nero"}]},{"@type":"WebSite","@id":"https:\/\/regalaunninot.com\/es\/#website","url":"https:\/\/regalaunninot.com\/es\/","name":"\ud83c\udf81 Regala Un Ninot \u200d\ud83c\udfa8","description":"Regala la creatividad de nuestros artistas falleros y foguereros","publisher":{"@id":"https:\/\/regalaunninot.com\/es\/#organization"},"potentialAction":[{"@type":"SearchAction","target":{"@type":"EntryPoint","urlTemplate":"https:\/\/regalaunninot.com\/es\/?s={search_term_string}"},"query-input":{"@type":"PropertyValueSpecification","valueRequired":true,"valueName":"search_term_string"}}],"inLanguage":"es"},{"@type":"Organization","@id":"https:\/\/regalaunninot.com\/es\/#organization","name":"Regala Un Ninot","url":"https:\/\/regalaunninot.com\/es\/","logo":{"@type":"ImageObject","inLanguage":"es","@id":"https:\/\/regalaunninot.com\/es\/#\/schema\/logo\/image\/","url":"https:\/\/regalaunninot.com\/wp-content\/uploads\/2020\/12\/logo-regala-un-ninot-h.png","contentUrl":"https:\/\/regalaunninot.com\/wp-content\/uploads\/2020\/12\/logo-regala-un-ninot-h.png","width":1787,"height":705,"caption":"Regala Un Ninot"},"image":{"@id":"https:\/\/regalaunninot.com\/es\/#\/schema\/logo\/image\/"}}]}},"_links":{"self":[{"href":"https:\/\/regalaunninot.com\/es\/wp-json\/wp\/v2\/projects\/7013","targetHints":{"allow":["GET"]}}],"collection":[{"href":"https:\/\/regalaunninot.com\/es\/wp-json\/wp\/v2\/projects"}],"about":[{"href":"https:\/\/regalaunninot.com\/es\/wp-json\/wp\/v2\/types\/projects"}],"version-history":[{"count":0,"href":"https:\/\/regalaunninot.com\/es\/wp-json\/wp\/v2\/projects\/7013\/revisions"}],"wp:featuredmedia":[{"embeddable":true,"href":"https:\/\/regalaunninot.com\/es\/wp-json\/wp\/v2\/media\/7014"}],"wp:attachment":[{"href":"https:\/\/regalaunninot.com\/es\/wp-json\/wp\/v2\/media?parent=7013"}],"wp:term":[{"taxonomy":"service","embeddable":true,"href":"https:\/\/regalaunninot.com\/es\/wp-json\/wp\/v2\/service?post=7013"}],"curies":[{"name":"wp","href":"https:\/\/api.w.org\/{rel}","templated":true}]}}

Campaña contra la violencia de género

<p>Campaña llamada «Llámanos» con la intención de concienciar a los ciudadanos del problema de la violencia de género. </p>



<p>En la figura se representa un teléfono móvil que está llamando al número 016 mientras acaba de impactar contra el piso y se ha quedado partido. Una figura que pretende transmitir un mensaje claro ante esta problemática que debe resolverse en la sociedad actual.</p>



<p></p>



<figure class="wp-block-gallery has-nested-images columns-default is-cropped wp-block-gallery-1 is-layout-flex wp-block-gallery-is-layout-flex">
<figure class="wp-block-image size-large"><img loading="lazy" decoding="async" width="580" height="870" data-id="7113" src="https://regalaunninot.com/wp-content/uploads/2022/01/IVAJ-rotated.jpg" alt="" class="wp-image-7113"/><figcaption><br></figcaption></figure>



<figure class="wp-block-image size-large"><img loading="lazy" decoding="async" width="870" height="580" data-id="7111" src="https://regalaunninot.com/wp-content/uploads/2022/01/IVAJ_4.jpg" alt="" class="wp-image-7111"/></figure>



<figure class="wp-block-image size-large"><img loading="lazy" decoding="async" width="870" height="580" data-id="7115" src="https://regalaunninot.com/wp-content/uploads/2022/01/IVAJ_1.jpg" alt="" class="wp-image-7115"/></figure>



<figure class="wp-block-image size-large"><img loading="lazy" decoding="async" width="870" height="580" data-id="7117" src="https://regalaunninot.com/wp-content/uploads/2022/01/IVAJ_2.jpg" alt="" class="wp-image-7117"/></figure>



<figure class="wp-block-image size-large"><img loading="lazy" decoding="async" width="870" height="580" data-id="7119" src="https://regalaunninot.com/wp-content/uploads/2022/01/IVAJ_3.jpg" alt="" class="wp-image-7119"/></figure>
</figure>

<p>Campaña llamada «Llámanos» con la intención de concienciar a los ciudadanos del problema de la violencia de género. En la figura se representa un teléfono móvil que está llamando al número 016 mientras acaba de impactar contra el piso y se ha quedado partido. Una figura que pretende transmitir un mensaje claro ante esta problemática [&hellip;]</p>

<!-- This site is optimized with the Yoast SEO Premium plugin v19.3 (Yoast SEO v26.5) - https://yoast.com/wordpress/plugins/seo/ -->
<title>Campaña contra la violencia de género | 🎁 Regala Un Ninot ‍🎨</title>
<meta name="description" content="Campanya pròpia contra la violència de gènere en el que es vol cridar l&#039;atenció del vianant per tal de conscienciar amb un missatge potent transmitit en la figura." />
<meta name="robots" content="index, follow, max-snippet:-1, max-image-preview:large, max-video-preview:-1" />
<link rel="canonical" href="https://regalaunninot.com/es/proyectos/campanya-violencia-genere/" />
<meta property="og:locale" content="es_ES" />
<meta property="og:type" content="article" />
<meta property="og:title" content="Campaña contra la violencia de género" />
<meta property="og:description" content="Campanya pròpia contra la violència de gènere en el que es vol cridar l&#039;atenció del vianant per tal de conscienciar amb un missatge potent transmitit en la figura." />
<meta property="og:url" content="https://regalaunninot.com/es/proyectos/campanya-violencia-genere/" />
<meta property="og:site_name" content="🎁 Regala Un Ninot ‍🎨" />
<meta property="article:modified_time" content="2022-08-17T10:19:53+00:00" />
<meta property="og:image" content="https://regalaunninot.com/wp-content/uploads/2022/01/IMG_20211117_112050.jpg" />
	<meta property="og:image:width" content="1200" />
	<meta property="og:image:height" content="1600" />
	<meta property="og:image:type" content="image/jpeg" />
<meta name="twitter:card" content="summary_large_image" />
<meta name="twitter:label1" content="Tiempo de lectura" />
	<meta name="twitter:data1" content="2 minutos" />
<script type="application/ld+json" class="yoast-schema-graph">{"@context":"https://schema.org","@graph":[{"@type":"WebPage","@id":"https://regalaunninot.com/es/proyectos/campanya-violencia-genere/","url":"https://regalaunninot.com/es/proyectos/campanya-violencia-genere/","name":"Campaña contra la violencia de género | 🎁 Regala Un Ninot ‍🎨","isPartOf":{"@id":"https://regalaunninot.com/es/#website"},"primaryImageOfPage":{"@id":"https://regalaunninot.com/es/proyectos/campanya-violencia-genere/#primaryimage"},"image":{"@id":"https://regalaunninot.com/es/proyectos/campanya-violencia-genere/#primaryimage"},"thumbnailUrl":"https://regalaunninot.com/wp-content/uploads/2022/01/IMG_20211117_112050.jpg","datePublished":"2021-11-25T21:05:03+00:00","dateModified":"2022-08-17T10:19:53+00:00","description":"Campanya pròpia contra la violència de gènere en el que es vol cridar l'atenció del vianant per tal de conscienciar amb un missatge potent transmitit en la figura.","breadcrumb":{"@id":"https://regalaunninot.com/es/proyectos/campanya-violencia-genere/#breadcrumb"},"inLanguage":"es","potentialAction":[{"@type":"ReadAction","target":["https://regalaunninot.com/es/proyectos/campanya-violencia-genere/"]}]},{"@type":"ImageObject","inLanguage":"es","@id":"https://regalaunninot.com/es/proyectos/campanya-violencia-genere/#primaryimage","url":"https://regalaunninot.com/wp-content/uploads/2022/01/IMG_20211117_112050.jpg","contentUrl":"https://regalaunninot.com/wp-content/uploads/2022/01/IMG_20211117_112050.jpg","width":1200,"height":1600},{"@type":"BreadcrumbList","@id":"https://regalaunninot.com/es/proyectos/campanya-violencia-genere/#breadcrumb","itemListElement":[{"@type":"ListItem","position":1,"name":"Inici","item":"https://regalaunninot.com/es/"},{"@type":"ListItem","position":2,"name":"Proyectos","item":"https://regalaunninot.com/es/proyectos/"},{"@type":"ListItem","position":3,"name":"Campaña contra la violencia de género"}]},{"@type":"WebSite","@id":"https://regalaunninot.com/es/#website","url":"https://regalaunninot.com/es/","name":"🎁 Regala Un Ninot ‍🎨","description":"Regala la creatividad de nuestros artistas falleros y foguereros","publisher":{"@id":"https://regalaunninot.com/es/#organization"},"potentialAction":[{"@type":"SearchAction","target":{"@type":"EntryPoint","urlTemplate":"https://regalaunninot.com/es/?s={search_term_string}"},"query-input":{"@type":"PropertyValueSpecification","valueRequired":true,"valueName":"search_term_string"}}],"inLanguage":"es"},{"@type":"Organization","@id":"https://regalaunninot.com/es/#organization","name":"Regala Un Ninot","url":"https://regalaunninot.com/es/","logo":{"@type":"ImageObject","inLanguage":"es","@id":"https://regalaunninot.com/es/#/schema/logo/image/","url":"https://regalaunninot.com/wp-content/uploads/2020/12/logo-regala-un-ninot-h.png","contentUrl":"https://regalaunninot.com/wp-content/uploads/2020/12/logo-regala-un-ninot-h.png","width":1787,"height":705,"caption":"Regala Un Ninot"},"image":{"@id":"https://regalaunninot.com/es/#/schema/logo/image/"}}]}</script>
<!-- / Yoast SEO Premium plugin. -->

Campaña contra la violencia de género | 🎁 Regala Un Ninot ‍🎨

Campanya pròpia contra la violència de gènere en el que es vol cridar l'atenció del vianant per tal de conscienciar amb un missatge potent transmitit en la figura.
